
Does 26 divide 123056128?
True
Does 1532 divide 669443586?
False
Is 8564973 a multiple of 16?
False
Does 4 divide 6834795?
False
Is 2829430530 a multiple of 7415?
True
Does 9 divide 23476314?
False
Is 3756061 a multiple of 662?
False
Is 191276898 a multiple of 1678?
True
Is 41913619 a multiple of 17?
True
Is 17232655 a multiple of 163?
False
Does 14 divide 365271592?
True
Is 13 a factor of 15383418?
False
Does 3 divide 201689804?
False
Is 12 a factor of 617032646?
False
Is 19 a factor of 127576032?
True
Is 22 a factor of 39373115?
False
Is 981255912 a multiple of 156?
True
Is 22078056 a multiple of 1716?
True
Is 1100 a factor of 563105810?
False
Does 36 divide 347230944?
True
Does 23 divide 5227716?
True
Is 53 a factor of 4898278?
False
Is 406 a factor of 25216254?
True
Does 2812 divide 731806840?
False
Does 1480 divide 232762560?
True
Does 103 divide 41266652?
False
Does 96 divide 631778253?
False
Is 2678 a factor of 765632166?
True
Does 293 divide 63122580?
False
Is 19 a factor of 15297496?
False
Is 2 a factor of 20014727?
False
Is 10 a factor of 1241628810?
True
Is 4554914 a multiple of 14?
True
Is 16305356 a multiple of 101?
False
Is 83 a factor of 17890732?
False
Is 3 a factor of 45315851?
False
Does 418 divide 102940442?
True
Is 60778272 a multiple of 24?
True
Is 45760398 a multiple of 124?
False
Is 628897955 a multiple of 62?
False
Is 4010249 a multiple of 563?
True
Does 21 divide 19096171?
False
Is 154 a factor of 255040834?
False
Does 595 divide 38720220?
True
Is 74262793 a multiple of 303?
False
Does 69 divide 209140872?
False
Is 422424476 a multiple of 474?
False
Does 2229 divide 27960576?
True
Is 176590620 a multiple of 1090?
False
Is 486798798 a multiple of 225?
False
Is 409 a factor of 74226547?
True
Is 104697394 a multiple of 51?
False
Does 257 divide 886543859?
True
Is 4 a factor of 16524968?
True
Does 258 divide 23365261?
False
Is 4307 a factor of 1322804603?
True
Is 362316286 a multiple of 28?
False
Is 1276 a factor of 34212739?
False
Does 1099 divide 452595138?
False
Is 870 a factor of 24707402?
False
Is 7 a factor of 58396674?
True
Is 171190 a multiple of 106?
True
Is 52926120 a multiple of 180?
True
Is 3462355 a multiple of 10?
False
Is 886 a factor of 128626822?
True
Is 4801511115 a multiple of 5427?
True
Does 54 divide 104185656?
True
Is 57 a factor of 18114144?
True
Is 7968357 a multiple of 58?
False
Is 15 a factor of 82842722?
False
Is 2713443326 a multiple of 301?
False
Is 634 a factor of 123393536?
False
Is 262437480 a multiple of 20?
True
Does 11 divide 342601976?
False
Is 1613789951 a multiple of 467?
True
Is 44 a factor of 33788695?
False
Does 94 divide 726367892?
True
Is 1414 a factor of 2510798457?
False
Does 26 divide 29257592?
True
Is 408 a factor of 658302158?
False
Is 917447064 a multiple of 1738?
False
Is 5 a factor of 782871?
False
Is 229311800 a multiple of 686?
False
Is 571 a factor of 127913136?
True
Is 1817351 a multiple of 17?
True
Is 116969800 a multiple of 20?
True
Does 86 divide 358072868?
True
Does 2880 divide 66969068?
False
Is 1184601173 a multiple of 536?
False
Does 88 divide 224697546?
False
Does 37 divide 103702723?
False
Is 145120514 a multiple of 2?
True
Is 6130956 a multiple of 6?
True
Is 3827007310 a multiple of 10?
True
Is 1887000548 a multiple of 331?
True
Does 1185 divide 13172460?
True
Is 392091167 a multiple of 125?
False
Is 21 a factor of 79274998?
False
Is 391166433 a multiple of 133?
True
Is 47 a factor of 223322944?
True
Is 77439856 a multiple of 13?
True
Does 697 divide 2371759964?
True
Is 307 a factor of 742989242?
False
Does 2919 divide 47966635?
False
Does 329 divide 1338597036?
True
Is 54 a factor of 30497958?
True
Does 1529 divide 99612821?
True
Is 57602323 a multiple of 348?
False
Does 2704 divide 39813696?
True
Does 36 divide 55847736?
True
Does 926 divide 1289824481?
False
Is 23511576 a multiple of 2739?
True
Is 1239970752 a multiple of 72?
True
Is 127 a factor of 45178588?
False
Is 13 a factor of 44422128?
False
Does 571 divide 405082817?
True
Does 12 divide 3239064?
True
Is 44612968 a multiple of 118?
True
Is 315065847 even?
False
Does 68 divide 162926164?
True
Is 2110397029 a multiple of 16?
False
Is 2353 a factor of 51714234?
True
Is 200 a factor of 1758826600?
True
Is 1129553554 a multiple of 1558?
False
Is 167 a factor of 715427845?
False
Is 47480283 a multiple of 10?
False
Is 658 a factor of 12256201?
False
Is 19993116 a multiple of 132?
True
Is 175404903 a multiple of 6?
False
Is 14 a factor of 171919695?
False
Is 899 a factor of 163058822?
True
Is 50 a factor of 491963394?
False
Is 12018451 a multiple of 445?
False
Is 449 a factor of 98636325?
False
Is 179135678 a multiple of 43?
True
Is 175407363 a multiple of 243?
True
Does 109 divide 301350774?
True
Does 7 divide 533302?
True
Does 1728 divide 32353344?
True
Is 17 a factor of 2844066?
True
Does 17 divide 882981360?
True
Does 511 divide 677904864?
True
Does 529 divide 1339361691?
False
Is 235 a factor of 3492472459?
False
Is 20 a factor of 33890380?
True
Is 9090 a factor of 3016771020?
True
Does 300 divide 17617500?
True
Is 18604584 a multiple of 420?
False
Is 234 a factor of 64681525?
False
Is 1164 a factor of 30940108?
False
Does 29 divide 511708799?
True
Does 77 divide 100580331?
False
Is 1439 a factor of 1348714262?
True
Does 217 divide 30547646?
False
Is 21 a factor of 2492893809?
True
Does 7360 divide 3975239040?
True
Is 202 a factor of 4583986?
True
Is 5273 a factor of 765307401?
True
Is 528136673 a multiple of 19?
True
Does 6937 divide 399307594?
True
Does 158 divide 7217124?
True
Is 1143770324 a multiple of 2777?
False
Is 11803690 a multiple of 1153?
False
Does 3170 divide 883485480?
False
Is 187 a factor of 1292238255?
True
Is 1563 a factor of 1808485902?
False
Is 37273178 a multiple of 347?
False
Does 87 divide 39350274?
True
Is 5854 a factor of 108860984?
True
Is 3970483 a multiple of 6?
False
Does 14 divide 37134010?
False
Does 103 divide 70727865?
False
Does 430 divide 74097571?
False
Does 1541 divide 44814788?
False
Is 692583974 a multiple of 763?
False
Is 1386 a factor of 2586679878?
False
Does 454 divide 592630716?
True
Is 19086311 a multiple of 20?
False
Is 246926416 a multiple of 319?
True
Is 12998175 a multiple of 3?
True
Does 226 divide 26887672?
True
Is 2110 a factor of 283993340?
True
Does 808 divide 48363750?
False
Does 18 divide 429993450?
True
Is 11 a factor of 228396465?
True
Is 2422380661 a multiple of 19?
True
Is 67 a factor of 262763697?
False
Is 70238880 a multiple of 10?
True
Is 15484200 a multiple of 1965?
True
Is 9619 a factor of 857788563?
False
Does 226 divide 526733680?
True
Is 10 a factor of 778679570?
True
Does 313 divide 760103447?
False
Is 54470078 a multiple of 166?
True
Is 1573167938 a multiple of 46?
True
Is 11 a factor of 11502583?
False
Does 543 divide 812871?
True
Does 438 divide 92929991?
False
Is 24049837 a multiple of 234?
False
Does 601 divide 1397853279?
True
Does 8 divide 435046789?
False
Is 349 a factor of 136306196?
False
Is 46826024 a multiple of 808?
True
Is 159 a factor of 8263703979?
True
Is 1496 a factor of 118025424?
True
Is 552369845 a multiple of 10?
False
Is 188 a factor of 12588856?
True
Is 49 a factor of 39784472?
True
Is 151559485 a multiple of 65?
False
Is 1809 a factor of 39220929?
True
Is 13886490 a multiple of 2?
True
Is 29 a factor of 43965070?
False
Is 4 a factor of 131881645?
False
Is 2698376 a multiple of 2?
True
Is 127 a factor of 1050439098?
True
Is 2104255 a multiple of 5?
True
Does 345 divide 329626800?
True
Is 53936594 a multiple of 2312?
False
Is 620 a factor of 1625503?
False
Is 1612358612 a multiple of 9982?
False
Is 348933 a multiple of 23?
True
Does 4 divide 190916308?
True
Is 8 a factor of 69533837?
False
Does 1516 divide 27356650?
False
Does 6 divide 26119279?
False
Does 998 divide 835480690?
True
Is 612 a factor of 28537978?
False
Is 1880 a factor of 668103170?
False
Is 23 a factor of 28500726?
True
Is 1829 a factor of 21201317?
False
Is 167502326 a multiple of 53?
False
Does 94 divide 577597963?
False
Is 194526368 a multiple of 22?
False
Does 911 divide 264147183?
True
Is 2665 a factor of 27516203?
False
Does 262 divide 25298720?
True
Does 40 divide 15222280?
True
Does 68 divide 375929741?
False
Is 21 a factor of 2553